{"id":195,"date":"2025-04-06T19:22:34","date_gmt":"2025-04-06T19:22:34","guid":{"rendered":"https:\/\/ficonecta.com\/?page_id=195"},"modified":"2025-05-12T00:11:40","modified_gmt":"2025-05-12T00:11:40","slug":"patrocinadores","status":"publish","type":"page","link":"https:\/\/ficonecta.com\/index.php\/patrocinadores\/","title":{"rendered":"Patrocinadores"},"content":{"rendered":"\n<p>El Festival Internacional de Cine de Orizaba (FICO) es posible gracias al invaluable apoyo de diversas entidades que comparten nuestra pasi\u00f3n por el cine y la cultura. Reconocemos especialmente el compromiso de las marcas locales, cuyo respaldo ha sido fundamental para la realizaci\u00f3n del festival en cada edici\u00f3n. Su confianza en el proyecto nos permite seguir impulsando el cine independiente y enriqueciendo la vida cultural de la regi\u00f3n.<\/p>\n\n\n\n<p>Agradecemos profundamente a todos nuestros patrocinadores por su contribuci\u00f3n al crecimiento y \u00e9xito del FICO. Su apoyo es esencial para hacer realidad este espacio de encuentro, di\u00e1logo y celebraci\u00f3n del s\u00e9ptimo arte.<\/p>\n\n\n\n<p><\/p>\n\n\n\n<p><\/p>\n","protected":false},"excerpt":{"rendered":"<p>El Festival Internacional de Cine de Orizaba (FICO) es posible gracias al invaluable apoyo de diversas entidades que comparten nuestra pasi\u00f3n por el cine y la cultura. Reconocemos especialmente el compromiso de las marcas locales, cuyo respaldo ha sido fundamental para la realizaci\u00f3n del festival en cada edici\u00f3n. Su confianza en el proyecto nos permite [&hellip;]<\/p>\n","protected":false},"author":1,"featured_media":0,"parent":0,"menu_order":0,"comment_status":"closed","ping_status":"closed","template":"","meta":{"footnotes":""},"class_list":["post-195","page","type-page","status-publish","hentry"],"yoast_head":"<!-- This site is optimized with the Yoast SEO plugin v24.7 - https:\/\/yoast.com\/wordpress\/plugins\/seo\/ -->\n<title>Patrocinadores - Festival Internacional de Cine de Orizaba<\/title>\n<meta name=\"robots\" content=\"index, follow, max-snippet:-1, max-image-preview:large, max-video-preview:-1\" \/>\n<link rel=\"canonical\" href=\"https:\/\/ficonecta.com\/index.php\/patrocinadores\/\" \/>\n<meta property=\"og:locale\" content=\"es_ES\" \/>\n<meta property=\"og:type\" content=\"article\" \/>\n<meta property=\"og:title\" content=\"Patrocinadores - Festival Internacional de Cine de Orizaba\" \/>\n<meta property=\"og:description\" content=\"El Festival Internacional de Cine de Orizaba (FICO) es posible gracias al invaluable apoyo de diversas entidades que comparten nuestra pasi\u00f3n por el cine y la cultura. Reconocemos especialmente el compromiso de las marcas locales, cuyo respaldo ha sido fundamental para la realizaci\u00f3n del festival en cada edici\u00f3n. Su confianza en el proyecto nos permite [&hellip;]\" \/>\n<meta property=\"og:url\" content=\"https:\/\/ficonecta.com\/index.php\/patrocinadores\/\" \/>\n<meta property=\"og:site_name\" content=\"Festival Internacional de Cine de Orizaba\" \/>\n<meta property=\"article:modified_time\" content=\"2025-05-12T00:11:40+00:00\" \/>\n<meta name=\"twitter:card\" content=\"summary_large_image\" \/>\n<meta name=\"twitter:label1\" content=\"Tiempo de lectura\" \/>\n\t<meta name=\"twitter:data1\" content=\"1 minuto\" \/>\n<script type=\"application\/ld+json\" class=\"yoast-schema-graph\">{\"@context\":\"https:\/\/schema.org\",\"@graph\":[{\"@type\":\"WebPage\",\"@id\":\"https:\/\/ficonecta.com\/index.php\/patrocinadores\/\",\"url\":\"https:\/\/ficonecta.com\/index.php\/patrocinadores\/\",\"name\":\"Patrocinadores - Festival Internacional de Cine de Orizaba\",\"isPartOf\":{\"@id\":\"https:\/\/ficonecta.com\/#website\"},\"datePublished\":\"2025-04-06T19:22:34+00:00\",\"dateModified\":\"2025-05-12T00:11:40+00:00\",\"breadcrumb\":{\"@id\":\"https:\/\/ficonecta.com\/index.php\/patrocinadores\/#breadcrumb\"},\"inLanguage\":\"es\",\"potentialAction\":[{\"@type\":\"ReadAction\",\"target\":[\"https:\/\/ficonecta.com\/index.php\/patrocinadores\/\"]}]},{\"@type\":\"BreadcrumbList\",\"@id\":\"https:\/\/ficonecta.com\/index.php\/patrocinadores\/#breadcrumb\",\"itemListElement\":[{\"@type\":\"ListItem\",\"position\":1,\"name\":\"Portada\",\"item\":\"https:\/\/ficonecta.com\/\"},{\"@type\":\"ListItem\",\"position\":2,\"name\":\"Patrocinadores\"}]},{\"@type\":\"WebSite\",\"@id\":\"https:\/\/ficonecta.com\/#website\",\"url\":\"https:\/\/ficonecta.com\/\",\"name\":\"Festival Internacional de Cine de Orizaba\",\"description\":\"\",\"publisher\":{\"@id\":\"https:\/\/ficonecta.com\/#organization\"},\"potentialAction\":[{\"@type\":\"SearchAction\",\"target\":{\"@type\":\"EntryPoint\",\"urlTemplate\":\"https:\/\/ficonecta.com\/?s={search_term_string}\"},\"query-input\":{\"@type\":\"PropertyValueSpecification\",\"valueRequired\":true,\"valueName\":\"search_term_string\"}}],\"inLanguage\":\"es\"},{\"@type\":\"Organization\",\"@id\":\"https:\/\/ficonecta.com\/#organization\",\"name\":\"Festival Internacional de Cine de Orizaba\",\"url\":\"https:\/\/ficonecta.com\/\",\"logo\":{\"@type\":\"ImageObject\",\"inLanguage\":\"es\",\"@id\":\"https:\/\/ficonecta.com\/#\/schema\/logo\/image\/\",\"url\":\"https:\/\/ficonecta.com\/wp-content\/uploads\/2025\/03\/logfo-1.png\",\"contentUrl\":\"https:\/\/ficonecta.com\/wp-content\/uploads\/2025\/03\/logfo-1.png\",\"width\":330,\"height\":330,\"caption\":\"Festival Internacional de Cine de Orizaba\"},\"image\":{\"@id\":\"https:\/\/ficonecta.com\/#\/schema\/logo\/image\/\"}}]}<\/script>\n<!-- \/ Yoast SEO plugin. -->","yoast_head_json":{"title":"Patrocinadores - Festival Internacional de Cine de Orizaba","robots":{"index":"index","follow":"follow","max-snippet":"max-snippet:-1","max-image-preview":"max-image-preview:large","max-video-preview":"max-video-preview:-1"},"canonical":"https:\/\/ficonecta.com\/index.php\/patrocinadores\/","og_locale":"es_ES","og_type":"article","og_title":"Patrocinadores - Festival Internacional de Cine de Orizaba","og_description":"El Festival Internacional de Cine de Orizaba (FICO) es posible gracias al invaluable apoyo de diversas entidades que comparten nuestra pasi\u00f3n por el cine y la cultura. Reconocemos especialmente el compromiso de las marcas locales, cuyo respaldo ha sido fundamental para la realizaci\u00f3n del festival en cada edici\u00f3n. Su confianza en el proyecto nos permite [&hellip;]","og_url":"https:\/\/ficonecta.com\/index.php\/patrocinadores\/","og_site_name":"Festival Internacional de Cine de Orizaba","article_modified_time":"2025-05-12T00:11:40+00:00","twitter_card":"summary_large_image","twitter_misc":{"Tiempo de lectura":"1 minuto"},"schema":{"@context":"https:\/\/schema.org","@graph":[{"@type":"WebPage","@id":"https:\/\/ficonecta.com\/index.php\/patrocinadores\/","url":"https:\/\/ficonecta.com\/index.php\/patrocinadores\/","name":"Patrocinadores - Festival Internacional de Cine de Orizaba","isPartOf":{"@id":"https:\/\/ficonecta.com\/#website"},"datePublished":"2025-04-06T19:22:34+00:00","dateModified":"2025-05-12T00:11:40+00:00","breadcrumb":{"@id":"https:\/\/ficonecta.com\/index.php\/patrocinadores\/#breadcrumb"},"inLanguage":"es","potentialAction":[{"@type":"ReadAction","target":["https:\/\/ficonecta.com\/index.php\/patrocinadores\/"]}]},{"@type":"BreadcrumbList","@id":"https:\/\/ficonecta.com\/index.php\/patrocinadores\/#breadcrumb","itemListElement":[{"@type":"ListItem","position":1,"name":"Portada","item":"https:\/\/ficonecta.com\/"},{"@type":"ListItem","position":2,"name":"Patrocinadores"}]},{"@type":"WebSite","@id":"https:\/\/ficonecta.com\/#website","url":"https:\/\/ficonecta.com\/","name":"Festival Internacional de Cine de Orizaba","description":"","publisher":{"@id":"https:\/\/ficonecta.com\/#organization"},"potentialAction":[{"@type":"SearchAction","target":{"@type":"EntryPoint","urlTemplate":"https:\/\/ficonecta.com\/?s={search_term_string}"},"query-input":{"@type":"PropertyValueSpecification","valueRequired":true,"valueName":"search_term_string"}}],"inLanguage":"es"},{"@type":"Organization","@id":"https:\/\/ficonecta.com\/#organization","name":"Festival Internacional de Cine de Orizaba","url":"https:\/\/ficonecta.com\/","logo":{"@type":"ImageObject","inLanguage":"es","@id":"https:\/\/ficonecta.com\/#\/schema\/logo\/image\/","url":"https:\/\/ficonecta.com\/wp-content\/uploads\/2025\/03\/logfo-1.png","contentUrl":"https:\/\/ficonecta.com\/wp-content\/uploads\/2025\/03\/logfo-1.png","width":330,"height":330,"caption":"Festival Internacional de Cine de Orizaba"},"image":{"@id":"https:\/\/ficonecta.com\/#\/schema\/logo\/image\/"}}]}},"_links":{"self":[{"href":"https:\/\/ficonecta.com\/index.php\/wp-json\/wp\/v2\/pages\/195","targetHints":{"allow":["GET"]}}],"collection":[{"href":"https:\/\/ficonecta.com\/index.php\/wp-json\/wp\/v2\/pages"}],"about":[{"href":"https:\/\/ficonecta.com\/index.php\/wp-json\/wp\/v2\/types\/page"}],"author":[{"embeddable":true,"href":"https:\/\/ficonecta.com\/index.php\/wp-json\/wp\/v2\/users\/1"}],"replies":[{"embeddable":true,"href":"https:\/\/ficonecta.com\/index.php\/wp-json\/wp\/v2\/comments?post=195"}],"version-history":[{"count":2,"href":"https:\/\/ficonecta.com\/index.php\/wp-json\/wp\/v2\/pages\/195\/revisions"}],"predecessor-version":[{"id":242,"href":"https:\/\/ficonecta.com\/index.php\/wp-json\/wp\/v2\/pages\/195\/revisions\/242"}],"wp:attachment":[{"href":"https:\/\/ficonecta.com\/index.php\/wp-json\/wp\/v2\/media?parent=195"}],"curies":[{"name":"wp","href":"https:\/\/api.w.org\/{rel}","templated":true}]}}