{"id":166,"date":"2025-03-30T02:10:47","date_gmt":"2025-03-30T02:10:47","guid":{"rendered":"https:\/\/ficonecta.com\/?page_id=166"},"modified":"2025-05-11T23:14:51","modified_gmt":"2025-05-11T23:14:51","slug":"fico-2024","status":"publish","type":"page","link":"https:\/\/ficonecta.com\/index.php\/fico-2024\/","title":{"rendered":"2024"},"content":{"rendered":"\n<p>La tercera edici\u00f3n del Festival Internacional de Cine de Orizaba, inspirada en la magia del S\u00e9ptimo Arte y el pasado original de la cuna de la exhibici\u00f3n cinematogr\u00e1fica en Veracruz.<br><br>La tercera edici\u00f3n del festival se realiz\u00f3 el 2, 3 y 4 de noviembre de 2024, nos quedamos para la posteridad con la sede del COCO, este recinto cuenta con 6 salas, cuenta con estacionamiento para los visitantes y resulta comoda la experiencia para todos los visitantes. teniendo las siguientes actividades:<\/p>\n\n\n\n<p><br>18 proyecciones<br>2 conciertos<br>246 participantes en muestra convocatoria de cortometrajes<br>2300 visitantes<\/p>\n\n\n\n<figure class=\"wp-block-gallery has-nested-images columns-default is-cropped wp-block-gallery-1 is-layout-flex wp-block-gallery-is-layout-flex\">\n<figure class=\"wp-block-image size-large\"><img fetchpriority=\"high\" decoding=\"async\" width=\"819\" height=\"1024\" data-id=\"168\" src=\"https:\/\/ficonecta.com\/wp-content\/uploads\/2025\/03\/primer-dia-tercera-edicion-819x1024.jpg\" alt=\"\" class=\"wp-image-168\" srcset=\"https:\/\/ficonecta.com\/wp-content\/uploads\/2025\/03\/primer-dia-tercera-edicion-819x1024.jpg 819w, https:\/\/ficonecta.com\/wp-content\/uploads\/2025\/03\/primer-dia-tercera-edicion-240x300.jpg 240w, https:\/\/ficonecta.com\/wp-content\/uploads\/2025\/03\/primer-dia-tercera-edicion-768x960.jpg 768w, https:\/\/ficonecta.com\/wp-content\/uploads\/2025\/03\/primer-dia-tercera-edicion-1229x1536.jpg 1229w, https:\/\/ficonecta.com\/wp-content\/uploads\/2025\/03\/primer-dia-tercera-edicion.jpg 1638w\" sizes=\"(max-width: 819px) 100vw, 819px\" \/><\/figure>\n\n\n\n<figure class=\"wp-block-image size-large\"><img decoding=\"async\" width=\"819\" height=\"1024\" data-id=\"169\" src=\"https:\/\/ficonecta.com\/wp-content\/uploads\/2025\/03\/segundo-dia-tercera-edicion-819x1024.jpg\" alt=\"\" class=\"wp-image-169\" srcset=\"https:\/\/ficonecta.com\/wp-content\/uploads\/2025\/03\/segundo-dia-tercera-edicion-819x1024.jpg 819w, https:\/\/ficonecta.com\/wp-content\/uploads\/2025\/03\/segundo-dia-tercera-edicion-240x300.jpg 240w, https:\/\/ficonecta.com\/wp-content\/uploads\/2025\/03\/segundo-dia-tercera-edicion-768x960.jpg 768w, https:\/\/ficonecta.com\/wp-content\/uploads\/2025\/03\/segundo-dia-tercera-edicion-1229x1536.jpg 1229w, https:\/\/ficonecta.com\/wp-content\/uploads\/2025\/03\/segundo-dia-tercera-edicion.jpg 1638w\" sizes=\"(max-width: 819px) 100vw, 819px\" \/><\/figure>\n\n\n\n<figure class=\"wp-block-image size-large\"><img decoding=\"async\" width=\"819\" height=\"1024\" data-id=\"170\" src=\"https:\/\/ficonecta.com\/wp-content\/uploads\/2025\/03\/tercer-dia-tercera-edicion-819x1024.jpg\" alt=\"\" class=\"wp-image-170\" srcset=\"https:\/\/ficonecta.com\/wp-content\/uploads\/2025\/03\/tercer-dia-tercera-edicion-819x1024.jpg 819w, https:\/\/ficonecta.com\/wp-content\/uploads\/2025\/03\/tercer-dia-tercera-edicion-240x300.jpg 240w, https:\/\/ficonecta.com\/wp-content\/uploads\/2025\/03\/tercer-dia-tercera-edicion-768x960.jpg 768w, https:\/\/ficonecta.com\/wp-content\/uploads\/2025\/03\/tercer-dia-tercera-edicion-1229x1536.jpg 1229w, https:\/\/ficonecta.com\/wp-content\/uploads\/2025\/03\/tercer-dia-tercera-edicion.jpg 1638w\" sizes=\"(max-width: 819px) 100vw, 819px\" \/><\/figure>\n<\/figure>\n\n\n\n<figure class=\"wp-block-embed is-type-video is-provider-youtube wp-block-embed-youtube wp-embed-aspect-16-9 wp-has-aspect-ratio\"><div class=\"wp-block-embed__wrapper\">\n<iframe title=\"FICO 2024\" width=\"500\" height=\"281\" src=\"https:\/\/www.youtube.com\/embed\/3BCI9xm9xOE?feature=oembed\" frameborder=\"0\" allow=\"accelerometer; autoplay; clipboard-write; encrypted-media; gyroscope; picture-in-picture; web-share\" referrerpolicy=\"strict-origin-when-cross-origin\" allowfullscreen><\/iframe>\n<\/div><\/figure>\n","protected":false},"excerpt":{"rendered":"<p>La tercera edici\u00f3n del Festival Internacional de Cine de Orizaba, inspirada en la magia del S\u00e9ptimo Arte y el pasado original de la cuna de la exhibici\u00f3n cinematogr\u00e1fica en Veracruz. La tercera edici\u00f3n del festival se realiz\u00f3 el 2, 3 y 4 de noviembre de 2024, nos quedamos para la posteridad con la sede del [&hellip;]<\/p>\n","protected":false},"author":1,"featured_media":0,"parent":0,"menu_order":0,"comment_status":"closed","ping_status":"closed","template":"","meta":{"footnotes":""},"class_list":["post-166","page","type-page","status-publish","hentry"],"yoast_head":"<!-- This site is optimized with the Yoast SEO plugin v24.7 - https:\/\/yoast.com\/wordpress\/plugins\/seo\/ -->\n<title>2024 - Festival Internacional de Cine de Orizaba<\/title>\n<meta name=\"description\" content=\"FICO-2024\" \/>\n<meta name=\"robots\" content=\"index, follow, max-snippet:-1, max-image-preview:large, max-video-preview:-1\" \/>\n<link rel=\"canonical\" href=\"https:\/\/ficonecta.com\/index.php\/fico-2024\/\" \/>\n<meta property=\"og:locale\" content=\"es_ES\" \/>\n<meta property=\"og:type\" content=\"article\" \/>\n<meta property=\"og:title\" content=\"2024 - Festival Internacional de Cine de Orizaba\" \/>\n<meta property=\"og:description\" content=\"FICO-2024\" \/>\n<meta property=\"og:url\" content=\"https:\/\/ficonecta.com\/index.php\/fico-2024\/\" \/>\n<meta property=\"og:site_name\" content=\"Festival Internacional de Cine de Orizaba\" \/>\n<meta property=\"article:modified_time\" content=\"2025-05-11T23:14:51+00:00\" \/>\n<meta property=\"og:image\" content=\"https:\/\/ficonecta.com\/wp-content\/uploads\/2025\/03\/primer-dia-tercera-edicion.jpg\" \/>\n\t<meta property=\"og:image:width\" content=\"1638\" \/>\n\t<meta property=\"og:image:height\" content=\"2048\" \/>\n\t<meta property=\"og:image:type\" content=\"image\/jpeg\" \/>\n<meta name=\"twitter:card\" content=\"summary_large_image\" \/>\n<meta name=\"twitter:label1\" content=\"Tiempo de lectura\" \/>\n\t<meta name=\"twitter:data1\" content=\"2 minutos\" \/>\n<script type=\"application\/ld+json\" class=\"yoast-schema-graph\">{\"@context\":\"https:\/\/schema.org\",\"@graph\":[{\"@type\":\"WebPage\",\"@id\":\"https:\/\/ficonecta.com\/index.php\/fico-2024\/\",\"url\":\"https:\/\/ficonecta.com\/index.php\/fico-2024\/\",\"name\":\"2024 - Festival Internacional de Cine de Orizaba\",\"isPartOf\":{\"@id\":\"https:\/\/ficonecta.com\/#website\"},\"primaryImageOfPage\":{\"@id\":\"https:\/\/ficonecta.com\/index.php\/fico-2024\/#primaryimage\"},\"image\":{\"@id\":\"https:\/\/ficonecta.com\/index.php\/fico-2024\/#primaryimage\"},\"thumbnailUrl\":\"https:\/\/ficonecta.com\/wp-content\/uploads\/2025\/03\/primer-dia-tercera-edicion-819x1024.jpg\",\"datePublished\":\"2025-03-30T02:10:47+00:00\",\"dateModified\":\"2025-05-11T23:14:51+00:00\",\"description\":\"FICO-2024\",\"breadcrumb\":{\"@id\":\"https:\/\/ficonecta.com\/index.php\/fico-2024\/#breadcrumb\"},\"inLanguage\":\"es\",\"potentialAction\":[{\"@type\":\"ReadAction\",\"target\":[\"https:\/\/ficonecta.com\/index.php\/fico-2024\/\"]}]},{\"@type\":\"ImageObject\",\"inLanguage\":\"es\",\"@id\":\"https:\/\/ficonecta.com\/index.php\/fico-2024\/#primaryimage\",\"url\":\"https:\/\/ficonecta.com\/wp-content\/uploads\/2025\/03\/primer-dia-tercera-edicion.jpg\",\"contentUrl\":\"https:\/\/ficonecta.com\/wp-content\/uploads\/2025\/03\/primer-dia-tercera-edicion.jpg\",\"width\":1638,\"height\":2048},{\"@type\":\"BreadcrumbList\",\"@id\":\"https:\/\/ficonecta.com\/index.php\/fico-2024\/#breadcrumb\",\"itemListElement\":[{\"@type\":\"ListItem\",\"position\":1,\"name\":\"Portada\",\"item\":\"https:\/\/ficonecta.com\/\"},{\"@type\":\"ListItem\",\"position\":2,\"name\":\"2024\"}]},{\"@type\":\"WebSite\",\"@id\":\"https:\/\/ficonecta.com\/#website\",\"url\":\"https:\/\/ficonecta.com\/\",\"name\":\"Festival Internacional de Cine de Orizaba\",\"description\":\"\",\"publisher\":{\"@id\":\"https:\/\/ficonecta.com\/#organization\"},\"potentialAction\":[{\"@type\":\"SearchAction\",\"target\":{\"@type\":\"EntryPoint\",\"urlTemplate\":\"https:\/\/ficonecta.com\/?s={search_term_string}\"},\"query-input\":{\"@type\":\"PropertyValueSpecification\",\"valueRequired\":true,\"valueName\":\"search_term_string\"}}],\"inLanguage\":\"es\"},{\"@type\":\"Organization\",\"@id\":\"https:\/\/ficonecta.com\/#organization\",\"name\":\"Festival Internacional de Cine de Orizaba\",\"url\":\"https:\/\/ficonecta.com\/\",\"logo\":{\"@type\":\"ImageObject\",\"inLanguage\":\"es\",\"@id\":\"https:\/\/ficonecta.com\/#\/schema\/logo\/image\/\",\"url\":\"https:\/\/ficonecta.com\/wp-content\/uploads\/2025\/03\/logfo-1.png\",\"contentUrl\":\"https:\/\/ficonecta.com\/wp-content\/uploads\/2025\/03\/logfo-1.png\",\"width\":330,\"height\":330,\"caption\":\"Festival Internacional de Cine de Orizaba\"},\"image\":{\"@id\":\"https:\/\/ficonecta.com\/#\/schema\/logo\/image\/\"}}]}<\/script>\n<!-- \/ Yoast SEO plugin. -->","yoast_head_json":{"title":"2024 - Festival Internacional de Cine de Orizaba","description":"FICO-2024","robots":{"index":"index","follow":"follow","max-snippet":"max-snippet:-1","max-image-preview":"max-image-preview:large","max-video-preview":"max-video-preview:-1"},"canonical":"https:\/\/ficonecta.com\/index.php\/fico-2024\/","og_locale":"es_ES","og_type":"article","og_title":"2024 - Festival Internacional de Cine de Orizaba","og_description":"FICO-2024","og_url":"https:\/\/ficonecta.com\/index.php\/fico-2024\/","og_site_name":"Festival Internacional de Cine de Orizaba","article_modified_time":"2025-05-11T23:14:51+00:00","og_image":[{"width":1638,"height":2048,"url":"https:\/\/ficonecta.com\/wp-content\/uploads\/2025\/03\/primer-dia-tercera-edicion.jpg","type":"image\/jpeg"}],"twitter_card":"summary_large_image","twitter_misc":{"Tiempo de lectura":"2 minutos"},"schema":{"@context":"https:\/\/schema.org","@graph":[{"@type":"WebPage","@id":"https:\/\/ficonecta.com\/index.php\/fico-2024\/","url":"https:\/\/ficonecta.com\/index.php\/fico-2024\/","name":"2024 - Festival Internacional de Cine de Orizaba","isPartOf":{"@id":"https:\/\/ficonecta.com\/#website"},"primaryImageOfPage":{"@id":"https:\/\/ficonecta.com\/index.php\/fico-2024\/#primaryimage"},"image":{"@id":"https:\/\/ficonecta.com\/index.php\/fico-2024\/#primaryimage"},"thumbnailUrl":"https:\/\/ficonecta.com\/wp-content\/uploads\/2025\/03\/primer-dia-tercera-edicion-819x1024.jpg","datePublished":"2025-03-30T02:10:47+00:00","dateModified":"2025-05-11T23:14:51+00:00","description":"FICO-2024","breadcrumb":{"@id":"https:\/\/ficonecta.com\/index.php\/fico-2024\/#breadcrumb"},"inLanguage":"es","potentialAction":[{"@type":"ReadAction","target":["https:\/\/ficonecta.com\/index.php\/fico-2024\/"]}]},{"@type":"ImageObject","inLanguage":"es","@id":"https:\/\/ficonecta.com\/index.php\/fico-2024\/#primaryimage","url":"https:\/\/ficonecta.com\/wp-content\/uploads\/2025\/03\/primer-dia-tercera-edicion.jpg","contentUrl":"https:\/\/ficonecta.com\/wp-content\/uploads\/2025\/03\/primer-dia-tercera-edicion.jpg","width":1638,"height":2048},{"@type":"BreadcrumbList","@id":"https:\/\/ficonecta.com\/index.php\/fico-2024\/#breadcrumb","itemListElement":[{"@type":"ListItem","position":1,"name":"Portada","item":"https:\/\/ficonecta.com\/"},{"@type":"ListItem","position":2,"name":"2024"}]},{"@type":"WebSite","@id":"https:\/\/ficonecta.com\/#website","url":"https:\/\/ficonecta.com\/","name":"Festival Internacional de Cine de Orizaba","description":"","publisher":{"@id":"https:\/\/ficonecta.com\/#organization"},"potentialAction":[{"@type":"SearchAction","target":{"@type":"EntryPoint","urlTemplate":"https:\/\/ficonecta.com\/?s={search_term_string}"},"query-input":{"@type":"PropertyValueSpecification","valueRequired":true,"valueName":"search_term_string"}}],"inLanguage":"es"},{"@type":"Organization","@id":"https:\/\/ficonecta.com\/#organization","name":"Festival Internacional de Cine de Orizaba","url":"https:\/\/ficonecta.com\/","logo":{"@type":"ImageObject","inLanguage":"es","@id":"https:\/\/ficonecta.com\/#\/schema\/logo\/image\/","url":"https:\/\/ficonecta.com\/wp-content\/uploads\/2025\/03\/logfo-1.png","contentUrl":"https:\/\/ficonecta.com\/wp-content\/uploads\/2025\/03\/logfo-1.png","width":330,"height":330,"caption":"Festival Internacional de Cine de Orizaba"},"image":{"@id":"https:\/\/ficonecta.com\/#\/schema\/logo\/image\/"}}]}},"_links":{"self":[{"href":"https:\/\/ficonecta.com\/index.php\/wp-json\/wp\/v2\/pages\/166","targetHints":{"allow":["GET"]}}],"collection":[{"href":"https:\/\/ficonecta.com\/index.php\/wp-json\/wp\/v2\/pages"}],"about":[{"href":"https:\/\/ficonecta.com\/index.php\/wp-json\/wp\/v2\/types\/page"}],"author":[{"embeddable":true,"href":"https:\/\/ficonecta.com\/index.php\/wp-json\/wp\/v2\/users\/1"}],"replies":[{"embeddable":true,"href":"https:\/\/ficonecta.com\/index.php\/wp-json\/wp\/v2\/comments?post=166"}],"version-history":[{"count":2,"href":"https:\/\/ficonecta.com\/index.php\/wp-json\/wp\/v2\/pages\/166\/revisions"}],"predecessor-version":[{"id":224,"href":"https:\/\/ficonecta.com\/index.php\/wp-json\/wp\/v2\/pages\/166\/revisions\/224"}],"wp:attachment":[{"href":"https:\/\/ficonecta.com\/index.php\/wp-json\/wp\/v2\/media?parent=166"}],"curies":[{"name":"wp","href":"https:\/\/api.w.org\/{rel}","templated":true}]}}

<p>La tercera edición del Festival Internacional de Cine de Orizaba, inspirada en la magia del Séptimo Arte y el pasado original de la cuna de la exhibición cinematográfica en Veracruz.<br><br>La tercera edición del festival se realizó el 2, 3 y 4 de noviembre de 2024, nos quedamos para la posteridad con la sede del COCO, este recinto cuenta con 6 salas, cuenta con estacionamiento para los visitantes y resulta comoda la experiencia para todos los visitantes. teniendo las siguientes actividades:</p>



<p><br>18 proyecciones<br>2 conciertos<br>246 participantes en muestra convocatoria de cortometrajes<br>2300 visitantes</p>



<figure class="wp-block-gallery has-nested-images columns-default is-cropped wp-block-gallery-1 is-layout-flex wp-block-gallery-is-layout-flex">
<figure class="wp-block-image size-large"><img fetchpriority="high" decoding="async" width="819" height="1024" data-id="168" src="https://ficonecta.com/wp-content/uploads/2025/03/primer-dia-tercera-edicion-819x1024.jpg" alt="" class="wp-image-168" srcset="https://ficonecta.com/wp-content/uploads/2025/03/primer-dia-tercera-edicion-819x1024.jpg 819w, https://ficonecta.com/wp-content/uploads/2025/03/primer-dia-tercera-edicion-240x300.jpg 240w, https://ficonecta.com/wp-content/uploads/2025/03/primer-dia-tercera-edicion-768x960.jpg 768w, https://ficonecta.com/wp-content/uploads/2025/03/primer-dia-tercera-edicion-1229x1536.jpg 1229w, https://ficonecta.com/wp-content/uploads/2025/03/primer-dia-tercera-edicion.jpg 1638w" sizes="(max-width: 819px) 100vw, 819px" /></figure>



<figure class="wp-block-image size-large"><img decoding="async" width="819" height="1024" data-id="169" src="https://ficonecta.com/wp-content/uploads/2025/03/segundo-dia-tercera-edicion-819x1024.jpg" alt="" class="wp-image-169" srcset="https://ficonecta.com/wp-content/uploads/2025/03/segundo-dia-tercera-edicion-819x1024.jpg 819w, https://ficonecta.com/wp-content/uploads/2025/03/segundo-dia-tercera-edicion-240x300.jpg 240w, https://ficonecta.com/wp-content/uploads/2025/03/segundo-dia-tercera-edicion-768x960.jpg 768w, https://ficonecta.com/wp-content/uploads/2025/03/segundo-dia-tercera-edicion-1229x1536.jpg 1229w, https://ficonecta.com/wp-content/uploads/2025/03/segundo-dia-tercera-edicion.jpg 1638w" sizes="(max-width: 819px) 100vw, 819px" /></figure>



<figure class="wp-block-image size-large"><img decoding="async" width="819" height="1024" data-id="170" src="https://ficonecta.com/wp-content/uploads/2025/03/tercer-dia-tercera-edicion-819x1024.jpg" alt="" class="wp-image-170" srcset="https://ficonecta.com/wp-content/uploads/2025/03/tercer-dia-tercera-edicion-819x1024.jpg 819w, https://ficonecta.com/wp-content/uploads/2025/03/tercer-dia-tercera-edicion-240x300.jpg 240w, https://ficonecta.com/wp-content/uploads/2025/03/tercer-dia-tercera-edicion-768x960.jpg 768w, https://ficonecta.com/wp-content/uploads/2025/03/tercer-dia-tercera-edicion-1229x1536.jpg 1229w, https://ficonecta.com/wp-content/uploads/2025/03/tercer-dia-tercera-edicion.jpg 1638w" sizes="(max-width: 819px) 100vw, 819px" /></figure>
</figure>



<figure class="wp-block-embed is-type-video is-provider-youtube wp-block-embed-youtube wp-embed-aspect-16-9 wp-has-aspect-ratio"><div class="wp-block-embed__wrapper">
<iframe title="FICO 2024" width="500" height="281" src="https://www.youtube.com/embed/3BCI9xm9xOE?feature=oembed" frameborder="0" allow="accelerometer; autoplay; clipboard-write; encrypted-media; gyroscope; picture-in-picture; web-share" referrerpolicy="strict-origin-when-cross-origin" allowfullscreen></iframe>
</div></figure>

<p>La tercera edición del Festival Internacional de Cine de Orizaba, inspirada en la magia del Séptimo Arte y el pasado original de la cuna de la exhibición cinematográfica en Veracruz. La tercera edición del festival se realizó el 2, 3 y 4 de noviembre de 2024, nos quedamos para la posteridad con la sede del [&hellip;]</p>
