{"id":157,"date":"2025-03-30T01:58:30","date_gmt":"2025-03-30T01:58:30","guid":{"rendered":"https:\/\/ficonecta.com\/?page_id=157"},"modified":"2025-05-11T23:22:57","modified_gmt":"2025-05-11T23:22:57","slug":"fico-2022","status":"publish","type":"page","link":"https:\/\/ficonecta.com\/index.php\/fico-2022\/","title":{"rendered":"2022"},"content":{"rendered":"\n<p>Iniciamos el viaje a los albores del s\u00e9ptimo arte en Veracruz a trav\u00e9s de la historia, la m\u00fasica y la c\u00e1mara m\u00e1gica.\u00a0<br><br>La primera edici\u00f3n se realiz\u00f3 el 7, 8 y 9 de octubre de 2022 dicho evento se tuvo como sede el<br>ex covento de la ciudad de Orizaba Veracruz teniendo las siguientes actividades:<\/p>\n\n\n\n<p><br>14 conversatorios<br>12 proyecciones<br>4 conciertos<br>150 participantes en nuestra primera convocatoria de cortometrajes<br>1632 visitantes<\/p>\n\n\n\n<figure class=\"wp-block-gallery has-nested-images columns-default is-cropped wp-block-gallery-1 is-layout-flex wp-block-gallery-is-layout-flex\">\n<figure class=\"wp-block-image size-large\"><img fetchpriority=\"high\" decoding=\"async\" width=\"693\" height=\"1024\" data-id=\"160\" src=\"https:\/\/ficonecta.com\/wp-content\/uploads\/2025\/03\/primera-edicion-primer-dia-693x1024.jpg\" alt=\"\" class=\"wp-image-160\" srcset=\"https:\/\/ficonecta.com\/wp-content\/uploads\/2025\/03\/primera-edicion-primer-dia-693x1024.jpg 693w, https:\/\/ficonecta.com\/wp-content\/uploads\/2025\/03\/primera-edicion-primer-dia-203x300.jpg 203w, https:\/\/ficonecta.com\/wp-content\/uploads\/2025\/03\/primera-edicion-primer-dia-768x1134.jpg 768w, https:\/\/ficonecta.com\/wp-content\/uploads\/2025\/03\/primera-edicion-primer-dia-1040x1536.jpg 1040w, https:\/\/ficonecta.com\/wp-content\/uploads\/2025\/03\/primera-edicion-primer-dia.jpg 1193w\" sizes=\"(max-width: 693px) 100vw, 693px\" \/><\/figure>\n\n\n\n<figure class=\"wp-block-image size-large\"><img decoding=\"async\" width=\"693\" height=\"1024\" data-id=\"158\" src=\"https:\/\/ficonecta.com\/wp-content\/uploads\/2025\/03\/primera-edicion-segundo-dia-693x1024.jpg\" alt=\"\" class=\"wp-image-158\" srcset=\"https:\/\/ficonecta.com\/wp-content\/uploads\/2025\/03\/primera-edicion-segundo-dia-693x1024.jpg 693w, https:\/\/ficonecta.com\/wp-content\/uploads\/2025\/03\/primera-edicion-segundo-dia-203x300.jpg 203w, https:\/\/ficonecta.com\/wp-content\/uploads\/2025\/03\/primera-edicion-segundo-dia-768x1135.jpg 768w, https:\/\/ficonecta.com\/wp-content\/uploads\/2025\/03\/primera-edicion-segundo-dia.jpg 866w\" sizes=\"(max-width: 693px) 100vw, 693px\" \/><\/figure>\n\n\n\n<figure class=\"wp-block-image size-large\"><img decoding=\"async\" width=\"693\" height=\"1024\" data-id=\"159\" src=\"https:\/\/ficonecta.com\/wp-content\/uploads\/2025\/03\/primera-edicion-tercer-dia-693x1024.jpg\" alt=\"\" class=\"wp-image-159\" srcset=\"https:\/\/ficonecta.com\/wp-content\/uploads\/2025\/03\/primera-edicion-tercer-dia-693x1024.jpg 693w, https:\/\/ficonecta.com\/wp-content\/uploads\/2025\/03\/primera-edicion-tercer-dia-203x300.jpg 203w, https:\/\/ficonecta.com\/wp-content\/uploads\/2025\/03\/primera-edicion-tercer-dia-768x1134.jpg 768w, https:\/\/ficonecta.com\/wp-content\/uploads\/2025\/03\/primera-edicion-tercer-dia-1040x1536.jpg 1040w, https:\/\/ficonecta.com\/wp-content\/uploads\/2025\/03\/primera-edicion-tercer-dia.jpg 1193w\" sizes=\"(max-width: 693px) 100vw, 693px\" \/><\/figure>\n<\/figure>\n\n\n\n<figure class=\"wp-block-embed is-type-video is-provider-youtube wp-block-embed-youtube wp-embed-aspect-16-9 wp-has-aspect-ratio\"><div class=\"wp-block-embed__wrapper\">\n<iframe title=\"FICO 2022\" width=\"500\" height=\"281\" src=\"https:\/\/www.youtube.com\/embed\/xGcmeBUwBHk?feature=oembed\" frameborder=\"0\" allow=\"accelerometer; autoplay; clipboard-write; encrypted-media; gyroscope; picture-in-picture; web-share\" referrerpolicy=\"strict-origin-when-cross-origin\" allowfullscreen><\/iframe>\n<\/div><\/figure>\n\n\n\n<p><\/p>\n","protected":false},"excerpt":{"rendered":"<p>Iniciamos el viaje a los albores del s\u00e9ptimo arte en Veracruz a trav\u00e9s de la historia, la m\u00fasica y la c\u00e1mara m\u00e1gica.\u00a0 La primera edici\u00f3n se realiz\u00f3 el 7, 8 y 9 de octubre de 2022 dicho evento se tuvo como sede elex covento de la ciudad de Orizaba Veracruz teniendo las siguientes actividades: 14 [&hellip;]<\/p>\n","protected":false},"author":1,"featured_media":0,"parent":0,"menu_order":0,"comment_status":"closed","ping_status":"closed","template":"","meta":{"footnotes":""},"class_list":["post-157","page","type-page","status-publish","hentry"],"yoast_head":"<!-- This site is optimized with the Yoast SEO plugin v24.7 - https:\/\/yoast.com\/wordpress\/plugins\/seo\/ -->\n<title>2022 - Festival Internacional de Cine de Orizaba<\/title>\n<meta name=\"description\" content=\"Iniciamos el viaje a los albores del s\u00e9ptimo arte en Veracruz a trav\u00e9s de la historia, la m\u00fasica y la c\u00e1mara m\u00e1gica.\u00a0\" \/>\n<meta name=\"robots\" content=\"index, follow, max-snippet:-1, max-image-preview:large, max-video-preview:-1\" \/>\n<link rel=\"canonical\" href=\"https:\/\/ficonecta.com\/index.php\/fico-2022\/\" \/>\n<meta property=\"og:locale\" content=\"es_ES\" \/>\n<meta property=\"og:type\" content=\"article\" \/>\n<meta property=\"og:title\" content=\"2022 - Festival Internacional de Cine de Orizaba\" \/>\n<meta property=\"og:description\" content=\"Iniciamos el viaje a los albores del s\u00e9ptimo arte en Veracruz a trav\u00e9s de la historia, la m\u00fasica y la c\u00e1mara m\u00e1gica.\u00a0\" \/>\n<meta property=\"og:url\" content=\"https:\/\/ficonecta.com\/index.php\/fico-2022\/\" \/>\n<meta property=\"og:site_name\" content=\"Festival Internacional de Cine de Orizaba\" \/>\n<meta property=\"article:modified_time\" content=\"2025-05-11T23:22:57+00:00\" \/>\n<meta property=\"og:image\" content=\"https:\/\/ficonecta.com\/wp-content\/uploads\/2025\/03\/primera-edicion-primer-dia.jpg\" \/>\n\t<meta property=\"og:image:width\" content=\"1193\" \/>\n\t<meta property=\"og:image:height\" content=\"1762\" \/>\n\t<meta property=\"og:image:type\" content=\"image\/jpeg\" \/>\n<meta name=\"twitter:card\" content=\"summary_large_image\" \/>\n<meta name=\"twitter:label1\" content=\"Tiempo de lectura\" \/>\n\t<meta name=\"twitter:data1\" content=\"1 minuto\" \/>\n<script type=\"application\/ld+json\" class=\"yoast-schema-graph\">{\"@context\":\"https:\/\/schema.org\",\"@graph\":[{\"@type\":\"WebPage\",\"@id\":\"https:\/\/ficonecta.com\/index.php\/fico-2022\/\",\"url\":\"https:\/\/ficonecta.com\/index.php\/fico-2022\/\",\"name\":\"2022 - Festival Internacional de Cine de Orizaba\",\"isPartOf\":{\"@id\":\"https:\/\/ficonecta.com\/#website\"},\"primaryImageOfPage\":{\"@id\":\"https:\/\/ficonecta.com\/index.php\/fico-2022\/#primaryimage\"},\"image\":{\"@id\":\"https:\/\/ficonecta.com\/index.php\/fico-2022\/#primaryimage\"},\"thumbnailUrl\":\"https:\/\/ficonecta.com\/wp-content\/uploads\/2025\/03\/primera-edicion-primer-dia-693x1024.jpg\",\"datePublished\":\"2025-03-30T01:58:30+00:00\",\"dateModified\":\"2025-05-11T23:22:57+00:00\",\"description\":\"Iniciamos el viaje a los albores del s\u00e9ptimo arte en Veracruz a trav\u00e9s de la historia, la m\u00fasica y la c\u00e1mara m\u00e1gica.\u00a0\",\"breadcrumb\":{\"@id\":\"https:\/\/ficonecta.com\/index.php\/fico-2022\/#breadcrumb\"},\"inLanguage\":\"es\",\"potentialAction\":[{\"@type\":\"ReadAction\",\"target\":[\"https:\/\/ficonecta.com\/index.php\/fico-2022\/\"]}]},{\"@type\":\"ImageObject\",\"inLanguage\":\"es\",\"@id\":\"https:\/\/ficonecta.com\/index.php\/fico-2022\/#primaryimage\",\"url\":\"https:\/\/ficonecta.com\/wp-content\/uploads\/2025\/03\/primera-edicion-primer-dia.jpg\",\"contentUrl\":\"https:\/\/ficonecta.com\/wp-content\/uploads\/2025\/03\/primera-edicion-primer-dia.jpg\",\"width\":1193,\"height\":1762},{\"@type\":\"BreadcrumbList\",\"@id\":\"https:\/\/ficonecta.com\/index.php\/fico-2022\/#breadcrumb\",\"itemListElement\":[{\"@type\":\"ListItem\",\"position\":1,\"name\":\"Portada\",\"item\":\"https:\/\/ficonecta.com\/\"},{\"@type\":\"ListItem\",\"position\":2,\"name\":\"2022\"}]},{\"@type\":\"WebSite\",\"@id\":\"https:\/\/ficonecta.com\/#website\",\"url\":\"https:\/\/ficonecta.com\/\",\"name\":\"Festival Internacional de Cine de Orizaba\",\"description\":\"\",\"publisher\":{\"@id\":\"https:\/\/ficonecta.com\/#organization\"},\"potentialAction\":[{\"@type\":\"SearchAction\",\"target\":{\"@type\":\"EntryPoint\",\"urlTemplate\":\"https:\/\/ficonecta.com\/?s={search_term_string}\"},\"query-input\":{\"@type\":\"PropertyValueSpecification\",\"valueRequired\":true,\"valueName\":\"search_term_string\"}}],\"inLanguage\":\"es\"},{\"@type\":\"Organization\",\"@id\":\"https:\/\/ficonecta.com\/#organization\",\"name\":\"Festival Internacional de Cine de Orizaba\",\"url\":\"https:\/\/ficonecta.com\/\",\"logo\":{\"@type\":\"ImageObject\",\"inLanguage\":\"es\",\"@id\":\"https:\/\/ficonecta.com\/#\/schema\/logo\/image\/\",\"url\":\"https:\/\/ficonecta.com\/wp-content\/uploads\/2025\/03\/logfo-1.png\",\"contentUrl\":\"https:\/\/ficonecta.com\/wp-content\/uploads\/2025\/03\/logfo-1.png\",\"width\":330,\"height\":330,\"caption\":\"Festival Internacional de Cine de Orizaba\"},\"image\":{\"@id\":\"https:\/\/ficonecta.com\/#\/schema\/logo\/image\/\"}}]}<\/script>\n<!-- \/ Yoast SEO plugin. -->","yoast_head_json":{"title":"2022 - Festival Internacional de Cine de Orizaba","description":"Iniciamos el viaje a los albores del s\u00e9ptimo arte en Veracruz a trav\u00e9s de la historia, la m\u00fasica y la c\u00e1mara m\u00e1gica.\u00a0","robots":{"index":"index","follow":"follow","max-snippet":"max-snippet:-1","max-image-preview":"max-image-preview:large","max-video-preview":"max-video-preview:-1"},"canonical":"https:\/\/ficonecta.com\/index.php\/fico-2022\/","og_locale":"es_ES","og_type":"article","og_title":"2022 - Festival Internacional de Cine de Orizaba","og_description":"Iniciamos el viaje a los albores del s\u00e9ptimo arte en Veracruz a trav\u00e9s de la historia, la m\u00fasica y la c\u00e1mara m\u00e1gica.\u00a0","og_url":"https:\/\/ficonecta.com\/index.php\/fico-2022\/","og_site_name":"Festival Internacional de Cine de Orizaba","article_modified_time":"2025-05-11T23:22:57+00:00","og_image":[{"width":1193,"height":1762,"url":"https:\/\/ficonecta.com\/wp-content\/uploads\/2025\/03\/primera-edicion-primer-dia.jpg","type":"image\/jpeg"}],"twitter_card":"summary_large_image","twitter_misc":{"Tiempo de lectura":"1 minuto"},"schema":{"@context":"https:\/\/schema.org","@graph":[{"@type":"WebPage","@id":"https:\/\/ficonecta.com\/index.php\/fico-2022\/","url":"https:\/\/ficonecta.com\/index.php\/fico-2022\/","name":"2022 - Festival Internacional de Cine de Orizaba","isPartOf":{"@id":"https:\/\/ficonecta.com\/#website"},"primaryImageOfPage":{"@id":"https:\/\/ficonecta.com\/index.php\/fico-2022\/#primaryimage"},"image":{"@id":"https:\/\/ficonecta.com\/index.php\/fico-2022\/#primaryimage"},"thumbnailUrl":"https:\/\/ficonecta.com\/wp-content\/uploads\/2025\/03\/primera-edicion-primer-dia-693x1024.jpg","datePublished":"2025-03-30T01:58:30+00:00","dateModified":"2025-05-11T23:22:57+00:00","description":"Iniciamos el viaje a los albores del s\u00e9ptimo arte en Veracruz a trav\u00e9s de la historia, la m\u00fasica y la c\u00e1mara m\u00e1gica.\u00a0","breadcrumb":{"@id":"https:\/\/ficonecta.com\/index.php\/fico-2022\/#breadcrumb"},"inLanguage":"es","potentialAction":[{"@type":"ReadAction","target":["https:\/\/ficonecta.com\/index.php\/fico-2022\/"]}]},{"@type":"ImageObject","inLanguage":"es","@id":"https:\/\/ficonecta.com\/index.php\/fico-2022\/#primaryimage","url":"https:\/\/ficonecta.com\/wp-content\/uploads\/2025\/03\/primera-edicion-primer-dia.jpg","contentUrl":"https:\/\/ficonecta.com\/wp-content\/uploads\/2025\/03\/primera-edicion-primer-dia.jpg","width":1193,"height":1762},{"@type":"BreadcrumbList","@id":"https:\/\/ficonecta.com\/index.php\/fico-2022\/#breadcrumb","itemListElement":[{"@type":"ListItem","position":1,"name":"Portada","item":"https:\/\/ficonecta.com\/"},{"@type":"ListItem","position":2,"name":"2022"}]},{"@type":"WebSite","@id":"https:\/\/ficonecta.com\/#website","url":"https:\/\/ficonecta.com\/","name":"Festival Internacional de Cine de Orizaba","description":"","publisher":{"@id":"https:\/\/ficonecta.com\/#organization"},"potentialAction":[{"@type":"SearchAction","target":{"@type":"EntryPoint","urlTemplate":"https:\/\/ficonecta.com\/?s={search_term_string}"},"query-input":{"@type":"PropertyValueSpecification","valueRequired":true,"valueName":"search_term_string"}}],"inLanguage":"es"},{"@type":"Organization","@id":"https:\/\/ficonecta.com\/#organization","name":"Festival Internacional de Cine de Orizaba","url":"https:\/\/ficonecta.com\/","logo":{"@type":"ImageObject","inLanguage":"es","@id":"https:\/\/ficonecta.com\/#\/schema\/logo\/image\/","url":"https:\/\/ficonecta.com\/wp-content\/uploads\/2025\/03\/logfo-1.png","contentUrl":"https:\/\/ficonecta.com\/wp-content\/uploads\/2025\/03\/logfo-1.png","width":330,"height":330,"caption":"Festival Internacional de Cine de Orizaba"},"image":{"@id":"https:\/\/ficonecta.com\/#\/schema\/logo\/image\/"}}]}},"_links":{"self":[{"href":"https:\/\/ficonecta.com\/index.php\/wp-json\/wp\/v2\/pages\/157","targetHints":{"allow":["GET"]}}],"collection":[{"href":"https:\/\/ficonecta.com\/index.php\/wp-json\/wp\/v2\/pages"}],"about":[{"href":"https:\/\/ficonecta.com\/index.php\/wp-json\/wp\/v2\/types\/page"}],"author":[{"embeddable":true,"href":"https:\/\/ficonecta.com\/index.php\/wp-json\/wp\/v2\/users\/1"}],"replies":[{"embeddable":true,"href":"https:\/\/ficonecta.com\/index.php\/wp-json\/wp\/v2\/comments?post=157"}],"version-history":[{"count":3,"href":"https:\/\/ficonecta.com\/index.php\/wp-json\/wp\/v2\/pages\/157\/revisions"}],"predecessor-version":[{"id":225,"href":"https:\/\/ficonecta.com\/index.php\/wp-json\/wp\/v2\/pages\/157\/revisions\/225"}],"wp:attachment":[{"href":"https:\/\/ficonecta.com\/index.php\/wp-json\/wp\/v2\/media?parent=157"}],"curies":[{"name":"wp","href":"https:\/\/api.w.org\/{rel}","templated":true}]}}

<p>Iniciamos el viaje a los albores del séptimo arte en Veracruz a través de la historia, la música y la cámara mágica. <br><br>La primera edición se realizó el 7, 8 y 9 de octubre de 2022 dicho evento se tuvo como sede el<br>ex covento de la ciudad de Orizaba Veracruz teniendo las siguientes actividades:</p>



<p><br>14 conversatorios<br>12 proyecciones<br>4 conciertos<br>150 participantes en nuestra primera convocatoria de cortometrajes<br>1632 visitantes</p>



<figure class="wp-block-gallery has-nested-images columns-default is-cropped wp-block-gallery-1 is-layout-flex wp-block-gallery-is-layout-flex">
<figure class="wp-block-image size-large"><img fetchpriority="high" decoding="async" width="693" height="1024" data-id="160" src="https://ficonecta.com/wp-content/uploads/2025/03/primera-edicion-primer-dia-693x1024.jpg" alt="" class="wp-image-160" srcset="https://ficonecta.com/wp-content/uploads/2025/03/primera-edicion-primer-dia-693x1024.jpg 693w, https://ficonecta.com/wp-content/uploads/2025/03/primera-edicion-primer-dia-203x300.jpg 203w, https://ficonecta.com/wp-content/uploads/2025/03/primera-edicion-primer-dia-768x1134.jpg 768w, https://ficonecta.com/wp-content/uploads/2025/03/primera-edicion-primer-dia-1040x1536.jpg 1040w, https://ficonecta.com/wp-content/uploads/2025/03/primera-edicion-primer-dia.jpg 1193w" sizes="(max-width: 693px) 100vw, 693px" /></figure>



<figure class="wp-block-image size-large"><img decoding="async" width="693" height="1024" data-id="158" src="https://ficonecta.com/wp-content/uploads/2025/03/primera-edicion-segundo-dia-693x1024.jpg" alt="" class="wp-image-158" srcset="https://ficonecta.com/wp-content/uploads/2025/03/primera-edicion-segundo-dia-693x1024.jpg 693w, https://ficonecta.com/wp-content/uploads/2025/03/primera-edicion-segundo-dia-203x300.jpg 203w, https://ficonecta.com/wp-content/uploads/2025/03/primera-edicion-segundo-dia-768x1135.jpg 768w, https://ficonecta.com/wp-content/uploads/2025/03/primera-edicion-segundo-dia.jpg 866w" sizes="(max-width: 693px) 100vw, 693px" /></figure>



<figure class="wp-block-image size-large"><img decoding="async" width="693" height="1024" data-id="159" src="https://ficonecta.com/wp-content/uploads/2025/03/primera-edicion-tercer-dia-693x1024.jpg" alt="" class="wp-image-159" srcset="https://ficonecta.com/wp-content/uploads/2025/03/primera-edicion-tercer-dia-693x1024.jpg 693w, https://ficonecta.com/wp-content/uploads/2025/03/primera-edicion-tercer-dia-203x300.jpg 203w, https://ficonecta.com/wp-content/uploads/2025/03/primera-edicion-tercer-dia-768x1134.jpg 768w, https://ficonecta.com/wp-content/uploads/2025/03/primera-edicion-tercer-dia-1040x1536.jpg 1040w, https://ficonecta.com/wp-content/uploads/2025/03/primera-edicion-tercer-dia.jpg 1193w" sizes="(max-width: 693px) 100vw, 693px" /></figure>
</figure>



<figure class="wp-block-embed is-type-video is-provider-youtube wp-block-embed-youtube wp-embed-aspect-16-9 wp-has-aspect-ratio"><div class="wp-block-embed__wrapper">
<iframe title="FICO 2022" width="500" height="281" src="https://www.youtube.com/embed/xGcmeBUwBHk?feature=oembed" frameborder="0" allow="accelerometer; autoplay; clipboard-write; encrypted-media; gyroscope; picture-in-picture; web-share" referrerpolicy="strict-origin-when-cross-origin" allowfullscreen></iframe>
</div></figure>



<p></p>

<p>Iniciamos el viaje a los albores del séptimo arte en Veracruz a través de la historia, la música y la cámara mágica.  La primera edición se realizó el 7, 8 y 9 de octubre de 2022 dicho evento se tuvo como sede elex covento de la ciudad de Orizaba Veracruz teniendo las siguientes actividades: 14 [&hellip;]</p>

<!-- This site is optimized with the Yoast SEO plugin v24.7 - https://yoast.com/wordpress/plugins/seo/ -->
<title>2022 - Festival Internacional de Cine de Orizaba</title>
<meta name="description" content="Iniciamos el viaje a los albores del séptimo arte en Veracruz a través de la historia, la música y la cámara mágica. " />
<meta name="robots" content="index, follow, max-snippet:-1, max-image-preview:large, max-video-preview:-1" />
<link rel="canonical" href="https://ficonecta.com/index.php/fico-2022/" />
<meta property="og:locale" content="es_ES" />
<meta property="og:type" content="article" />
<meta property="og:title" content="2022 - Festival Internacional de Cine de Orizaba" />
<meta property="og:description" content="Iniciamos el viaje a los albores del séptimo arte en Veracruz a través de la historia, la música y la cámara mágica. " />
<meta property="og:url" content="https://ficonecta.com/index.php/fico-2022/" />
<meta property="og:site_name" content="Festival Internacional de Cine de Orizaba" />
<meta property="article:modified_time" content="2025-05-11T23:22:57+00:00" />
<meta property="og:image" content="https://ficonecta.com/wp-content/uploads/2025/03/primera-edicion-primer-dia.jpg" />
	<meta property="og:image:width" content="1193" />
	<meta property="og:image:height" content="1762" />
	<meta property="og:image:type" content="image/jpeg" />
<meta name="twitter:card" content="summary_large_image" />
<meta name="twitter:label1" content="Tiempo de lectura" />
	<meta name="twitter:data1" content="1 minuto" />
<script type="application/ld+json" class="yoast-schema-graph">{"@context":"https://schema.org","@graph":[{"@type":"WebPage","@id":"https://ficonecta.com/index.php/fico-2022/","url":"https://ficonecta.com/index.php/fico-2022/","name":"2022 - Festival Internacional de Cine de Orizaba","isPartOf":{"@id":"https://ficonecta.com/#website"},"primaryImageOfPage":{"@id":"https://ficonecta.com/index.php/fico-2022/#primaryimage"},"image":{"@id":"https://ficonecta.com/index.php/fico-2022/#primaryimage"},"thumbnailUrl":"https://ficonecta.com/wp-content/uploads/2025/03/primera-edicion-primer-dia-693x1024.jpg","datePublished":"2025-03-30T01:58:30+00:00","dateModified":"2025-05-11T23:22:57+00:00","description":"Iniciamos el viaje a los albores del séptimo arte en Veracruz a través de la historia, la música y la cámara mágica. ","breadcrumb":{"@id":"https://ficonecta.com/index.php/fico-2022/#breadcrumb"},"inLanguage":"es","potentialAction":[{"@type":"ReadAction","target":["https://ficonecta.com/index.php/fico-2022/"]}]},{"@type":"ImageObject","inLanguage":"es","@id":"https://ficonecta.com/index.php/fico-2022/#primaryimage","url":"https://ficonecta.com/wp-content/uploads/2025/03/primera-edicion-primer-dia.jpg","contentUrl":"https://ficonecta.com/wp-content/uploads/2025/03/primera-edicion-primer-dia.jpg","width":1193,"height":1762},{"@type":"BreadcrumbList","@id":"https://ficonecta.com/index.php/fico-2022/#breadcrumb","itemListElement":[{"@type":"ListItem","position":1,"name":"Portada","item":"https://ficonecta.com/"},{"@type":"ListItem","position":2,"name":"2022"}]},{"@type":"WebSite","@id":"https://ficonecta.com/#website","url":"https://ficonecta.com/","name":"Festival Internacional de Cine de Orizaba","description":"","publisher":{"@id":"https://ficonecta.com/#organization"},"potentialAction":[{"@type":"SearchAction","target":{"@type":"EntryPoint","urlTemplate":"https://ficonecta.com/?s={search_term_string}"},"query-input":{"@type":"PropertyValueSpecification","valueRequired":true,"valueName":"search_term_string"}}],"inLanguage":"es"},{"@type":"Organization","@id":"https://ficonecta.com/#organization","name":"Festival Internacional de Cine de Orizaba","url":"https://ficonecta.com/","logo":{"@type":"ImageObject","inLanguage":"es","@id":"https://ficonecta.com/#/schema/logo/image/","url":"https://ficonecta.com/wp-content/uploads/2025/03/logfo-1.png","contentUrl":"https://ficonecta.com/wp-content/uploads/2025/03/logfo-1.png","width":330,"height":330,"caption":"Festival Internacional de Cine de Orizaba"},"image":{"@id":"https://ficonecta.com/#/schema/logo/image/"}}]}</script>
<!-- / Yoast SEO plugin. -->

Iniciamos el viaje a los albores del séptimo arte en Veracruz a través de la historia, la música y la cámara mágica.
