{"id":151,"date":"2025-03-30T01:42:50","date_gmt":"2025-03-30T01:42:50","guid":{"rendered":"https:\/\/ficonecta.com\/?page_id=151"},"modified":"2025-03-30T01:42:53","modified_gmt":"2025-03-30T01:42:53","slug":"quienes-somos","status":"publish","type":"page","link":"https:\/\/ficonecta.com\/index.php\/quienes-somos\/","title":{"rendered":"Sobre nosotros"},"content":{"rendered":"\n<figure class=\"wp-block-image size-large\"><img fetchpriority=\"high\" decoding=\"async\" width=\"1024\" height=\"537\" src=\"https:\/\/ficonecta.com\/wp-content\/uploads\/2025\/03\/480877032_666949732660311_6229025560206859098_n-1024x537.jpg\" alt=\"\" class=\"wp-image-98\" srcset=\"https:\/\/ficonecta.com\/wp-content\/uploads\/2025\/03\/480877032_666949732660311_6229025560206859098_n-1024x537.jpg 1024w, https:\/\/ficonecta.com\/wp-content\/uploads\/2025\/03\/480877032_666949732660311_6229025560206859098_n-300x157.jpg 300w, https:\/\/ficonecta.com\/wp-content\/uploads\/2025\/03\/480877032_666949732660311_6229025560206859098_n-768x402.jpg 768w, https:\/\/ficonecta.com\/wp-content\/uploads\/2025\/03\/480877032_666949732660311_6229025560206859098_n-1536x805.jpg 1536w, https:\/\/ficonecta.com\/wp-content\/uploads\/2025\/03\/480877032_666949732660311_6229025560206859098_n.jpg 1599w\" sizes=\"(max-width: 1024px) 100vw, 1024px\" \/><\/figure>\n\n\n\n<p>Somos&nbsp;<strong>el primer Festival Internacional de Cine de la Zona de las Altas Monta\u00f1as<\/strong>. Un evento interdisciplinario innovador y apasionante dedicado a la promoci\u00f3n&nbsp; y celebraci\u00f3n del S\u00e9ptimo Arte en todas sus formas de expresi\u00f3n,&nbsp;<strong>proyectando a la ciudad de Orizaba como cuna del cine en Veracruz<\/strong>. Distribuimos cine a trav\u00e9s de un circuito de exhibici\u00f3n internacional in\u00e9dito, nuestras pel\u00edculas abarcan diferentes g\u00e9neros, tem\u00e1ticas y estilos, pues son obras unidas por el hilo de sus enfoques humanistas.<\/p>\n\n\n\n<p>\u200b<\/p>\n\n\n\n<p>Adem\u00e1s&nbsp;<strong>de la proyecci\u00f3n de pel\u00edculas<\/strong>, el FICO tambi\u00e9n ofrece actividades como&nbsp;<strong>conversatorios, mesas redondas y talleres<\/strong>, para que cineastas, cr\u00edticos y expertos en la industria compartan sus conocimientos y experiencias con nuestras audiencias.&nbsp;<\/p>\n\n\n\n<p>\u200b<\/p>\n\n\n\n<p>En un ambiente festivo y cultural, nuestro evento anual es&nbsp;<strong>una ventana para descubrir propuestas cinematogr\u00e1ficas<\/strong>&nbsp;fuera del circuito comercial, as\u00ed como de&nbsp;<strong>conmemorar grandes joyas del cine musicalizadas en vivo<\/strong>&nbsp;por artistas internacionales&nbsp;<strong>en lugares hist\u00f3ricos<\/strong>.&nbsp;<\/p>\n\n\n\n<p>\u200b<\/p>\n\n\n\n<p>A trav\u00e9s de la conversaci\u00f3n, las im\u00e1genes y la m\u00fasica, ofrecemos una oportunidad \u00fanica para disfrutar de una selecci\u00f3n excepcional de pel\u00edculas internacionales y participar en&nbsp;<strong>un espacio enriquecedor de di\u00e1logo y an\u00e1lisis cinematogr\u00e1fico<\/strong>.<\/p>\n\n\n\n<p>Su compromiso con la promoci\u00f3n de la reflexi\u00f3n audiovisual lo convierte en un evento imperdible para los amantes del cine y aquellos interesados en explorar nuevas perspectivas a trav\u00e9s de la pantalla grande.<\/p>\n","protected":false},"excerpt":{"rendered":"<p>Somos&nbsp;el primer Festival Internacional de Cine de la Zona de las Altas Monta\u00f1as. Un evento interdisciplinario innovador y apasionante dedicado a la promoci\u00f3n&nbsp; y celebraci\u00f3n del S\u00e9ptimo Arte en todas sus formas de expresi\u00f3n,&nbsp;proyectando a la ciudad de Orizaba como cuna del cine en Veracruz. Distribuimos cine a trav\u00e9s de un circuito de exhibici\u00f3n internacional [&hellip;]<\/p>\n","protected":false},"author":1,"featured_media":0,"parent":0,"menu_order":0,"comment_status":"closed","ping_status":"closed","template":"","meta":{"footnotes":""},"class_list":["post-151","page","type-page","status-publish","hentry"],"yoast_head":"<!-- This site is optimized with the Yoast SEO plugin v24.7 - https:\/\/yoast.com\/wordpress\/plugins\/seo\/ -->\n<title>Sobre nosotros - Festival Internacional de Cine de Orizaba<\/title>\n<meta name=\"description\" content=\"Somos\u00a0el primer Festival Internacional de Cine de la Zona de las Altas Monta\u00f1as.\" \/>\n<meta name=\"robots\" content=\"index, follow, max-snippet:-1, max-image-preview:large, max-video-preview:-1\" \/>\n<link rel=\"canonical\" href=\"https:\/\/ficonecta.com\/index.php\/quienes-somos\/\" \/>\n<meta property=\"og:locale\" content=\"es_ES\" \/>\n<meta property=\"og:type\" content=\"article\" \/>\n<meta property=\"og:title\" content=\"Sobre nosotros - Festival Internacional de Cine de Orizaba\" \/>\n<meta property=\"og:description\" content=\"Somos\u00a0el primer Festival Internacional de Cine de la Zona de las Altas Monta\u00f1as.\" \/>\n<meta property=\"og:url\" content=\"https:\/\/ficonecta.com\/index.php\/quienes-somos\/\" \/>\n<meta property=\"og:site_name\" content=\"Festival Internacional de Cine de Orizaba\" \/>\n<meta property=\"article:modified_time\" content=\"2025-03-30T01:42:53+00:00\" \/>\n<meta property=\"og:image\" content=\"https:\/\/ficonecta.com\/wp-content\/uploads\/2025\/03\/480877032_666949732660311_6229025560206859098_n.jpg\" \/>\n\t<meta property=\"og:image:width\" content=\"1599\" \/>\n\t<meta property=\"og:image:height\" content=\"838\" \/>\n\t<meta property=\"og:image:type\" content=\"image\/jpeg\" \/>\n<meta name=\"twitter:card\" content=\"summary_large_image\" \/>\n<meta name=\"twitter:label1\" content=\"Tiempo de lectura\" \/>\n\t<meta name=\"twitter:data1\" content=\"2 minutos\" \/>\n<script type=\"application\/ld+json\" class=\"yoast-schema-graph\">{\"@context\":\"https:\/\/schema.org\",\"@graph\":[{\"@type\":\"WebPage\",\"@id\":\"https:\/\/ficonecta.com\/index.php\/quienes-somos\/\",\"url\":\"https:\/\/ficonecta.com\/index.php\/quienes-somos\/\",\"name\":\"Sobre nosotros - Festival Internacional de Cine de Orizaba\",\"isPartOf\":{\"@id\":\"https:\/\/ficonecta.com\/#website\"},\"primaryImageOfPage\":{\"@id\":\"https:\/\/ficonecta.com\/index.php\/quienes-somos\/#primaryimage\"},\"image\":{\"@id\":\"https:\/\/ficonecta.com\/index.php\/quienes-somos\/#primaryimage\"},\"thumbnailUrl\":\"https:\/\/ficonecta.com\/wp-content\/uploads\/2025\/03\/480877032_666949732660311_6229025560206859098_n-1024x537.jpg\",\"datePublished\":\"2025-03-30T01:42:50+00:00\",\"dateModified\":\"2025-03-30T01:42:53+00:00\",\"description\":\"Somos\u00a0el primer Festival Internacional de Cine de la Zona de las Altas Monta\u00f1as.\",\"breadcrumb\":{\"@id\":\"https:\/\/ficonecta.com\/index.php\/quienes-somos\/#breadcrumb\"},\"inLanguage\":\"es\",\"potentialAction\":[{\"@type\":\"ReadAction\",\"target\":[\"https:\/\/ficonecta.com\/index.php\/quienes-somos\/\"]}]},{\"@type\":\"ImageObject\",\"inLanguage\":\"es\",\"@id\":\"https:\/\/ficonecta.com\/index.php\/quienes-somos\/#primaryimage\",\"url\":\"https:\/\/ficonecta.com\/wp-content\/uploads\/2025\/03\/480877032_666949732660311_6229025560206859098_n.jpg\",\"contentUrl\":\"https:\/\/ficonecta.com\/wp-content\/uploads\/2025\/03\/480877032_666949732660311_6229025560206859098_n.jpg\",\"width\":1599,\"height\":838},{\"@type\":\"BreadcrumbList\",\"@id\":\"https:\/\/ficonecta.com\/index.php\/quienes-somos\/#breadcrumb\",\"itemListElement\":[{\"@type\":\"ListItem\",\"position\":1,\"name\":\"Portada\",\"item\":\"https:\/\/ficonecta.com\/\"},{\"@type\":\"ListItem\",\"position\":2,\"name\":\"Sobre nosotros\"}]},{\"@type\":\"WebSite\",\"@id\":\"https:\/\/ficonecta.com\/#website\",\"url\":\"https:\/\/ficonecta.com\/\",\"name\":\"Festival Internacional de Cine de Orizaba\",\"description\":\"\",\"publisher\":{\"@id\":\"https:\/\/ficonecta.com\/#organization\"},\"potentialAction\":[{\"@type\":\"SearchAction\",\"target\":{\"@type\":\"EntryPoint\",\"urlTemplate\":\"https:\/\/ficonecta.com\/?s={search_term_string}\"},\"query-input\":{\"@type\":\"PropertyValueSpecification\",\"valueRequired\":true,\"valueName\":\"search_term_string\"}}],\"inLanguage\":\"es\"},{\"@type\":\"Organization\",\"@id\":\"https:\/\/ficonecta.com\/#organization\",\"name\":\"Festival Internacional de Cine de Orizaba\",\"url\":\"https:\/\/ficonecta.com\/\",\"logo\":{\"@type\":\"ImageObject\",\"inLanguage\":\"es\",\"@id\":\"https:\/\/ficonecta.com\/#\/schema\/logo\/image\/\",\"url\":\"https:\/\/ficonecta.com\/wp-content\/uploads\/2025\/03\/logfo-1.png\",\"contentUrl\":\"https:\/\/ficonecta.com\/wp-content\/uploads\/2025\/03\/logfo-1.png\",\"width\":330,\"height\":330,\"caption\":\"Festival Internacional de Cine de Orizaba\"},\"image\":{\"@id\":\"https:\/\/ficonecta.com\/#\/schema\/logo\/image\/\"}}]}<\/script>\n<!-- \/ Yoast SEO plugin. -->","yoast_head_json":{"title":"Sobre nosotros - Festival Internacional de Cine de Orizaba","description":"Somos\u00a0el primer Festival Internacional de Cine de la Zona de las Altas Monta\u00f1as.","robots":{"index":"index","follow":"follow","max-snippet":"max-snippet:-1","max-image-preview":"max-image-preview:large","max-video-preview":"max-video-preview:-1"},"canonical":"https:\/\/ficonecta.com\/index.php\/quienes-somos\/","og_locale":"es_ES","og_type":"article","og_title":"Sobre nosotros - Festival Internacional de Cine de Orizaba","og_description":"Somos\u00a0el primer Festival Internacional de Cine de la Zona de las Altas Monta\u00f1as.","og_url":"https:\/\/ficonecta.com\/index.php\/quienes-somos\/","og_site_name":"Festival Internacional de Cine de Orizaba","article_modified_time":"2025-03-30T01:42:53+00:00","og_image":[{"width":1599,"height":838,"url":"https:\/\/ficonecta.com\/wp-content\/uploads\/2025\/03\/480877032_666949732660311_6229025560206859098_n.jpg","type":"image\/jpeg"}],"twitter_card":"summary_large_image","twitter_misc":{"Tiempo de lectura":"2 minutos"},"schema":{"@context":"https:\/\/schema.org","@graph":[{"@type":"WebPage","@id":"https:\/\/ficonecta.com\/index.php\/quienes-somos\/","url":"https:\/\/ficonecta.com\/index.php\/quienes-somos\/","name":"Sobre nosotros - Festival Internacional de Cine de Orizaba","isPartOf":{"@id":"https:\/\/ficonecta.com\/#website"},"primaryImageOfPage":{"@id":"https:\/\/ficonecta.com\/index.php\/quienes-somos\/#primaryimage"},"image":{"@id":"https:\/\/ficonecta.com\/index.php\/quienes-somos\/#primaryimage"},"thumbnailUrl":"https:\/\/ficonecta.com\/wp-content\/uploads\/2025\/03\/480877032_666949732660311_6229025560206859098_n-1024x537.jpg","datePublished":"2025-03-30T01:42:50+00:00","dateModified":"2025-03-30T01:42:53+00:00","description":"Somos\u00a0el primer Festival Internacional de Cine de la Zona de las Altas Monta\u00f1as.","breadcrumb":{"@id":"https:\/\/ficonecta.com\/index.php\/quienes-somos\/#breadcrumb"},"inLanguage":"es","potentialAction":[{"@type":"ReadAction","target":["https:\/\/ficonecta.com\/index.php\/quienes-somos\/"]}]},{"@type":"ImageObject","inLanguage":"es","@id":"https:\/\/ficonecta.com\/index.php\/quienes-somos\/#primaryimage","url":"https:\/\/ficonecta.com\/wp-content\/uploads\/2025\/03\/480877032_666949732660311_6229025560206859098_n.jpg","contentUrl":"https:\/\/ficonecta.com\/wp-content\/uploads\/2025\/03\/480877032_666949732660311_6229025560206859098_n.jpg","width":1599,"height":838},{"@type":"BreadcrumbList","@id":"https:\/\/ficonecta.com\/index.php\/quienes-somos\/#breadcrumb","itemListElement":[{"@type":"ListItem","position":1,"name":"Portada","item":"https:\/\/ficonecta.com\/"},{"@type":"ListItem","position":2,"name":"Sobre nosotros"}]},{"@type":"WebSite","@id":"https:\/\/ficonecta.com\/#website","url":"https:\/\/ficonecta.com\/","name":"Festival Internacional de Cine de Orizaba","description":"","publisher":{"@id":"https:\/\/ficonecta.com\/#organization"},"potentialAction":[{"@type":"SearchAction","target":{"@type":"EntryPoint","urlTemplate":"https:\/\/ficonecta.com\/?s={search_term_string}"},"query-input":{"@type":"PropertyValueSpecification","valueRequired":true,"valueName":"search_term_string"}}],"inLanguage":"es"},{"@type":"Organization","@id":"https:\/\/ficonecta.com\/#organization","name":"Festival Internacional de Cine de Orizaba","url":"https:\/\/ficonecta.com\/","logo":{"@type":"ImageObject","inLanguage":"es","@id":"https:\/\/ficonecta.com\/#\/schema\/logo\/image\/","url":"https:\/\/ficonecta.com\/wp-content\/uploads\/2025\/03\/logfo-1.png","contentUrl":"https:\/\/ficonecta.com\/wp-content\/uploads\/2025\/03\/logfo-1.png","width":330,"height":330,"caption":"Festival Internacional de Cine de Orizaba"},"image":{"@id":"https:\/\/ficonecta.com\/#\/schema\/logo\/image\/"}}]}},"_links":{"self":[{"href":"https:\/\/ficonecta.com\/index.php\/wp-json\/wp\/v2\/pages\/151","targetHints":{"allow":["GET"]}}],"collection":[{"href":"https:\/\/ficonecta.com\/index.php\/wp-json\/wp\/v2\/pages"}],"about":[{"href":"https:\/\/ficonecta.com\/index.php\/wp-json\/wp\/v2\/types\/page"}],"author":[{"embeddable":true,"href":"https:\/\/ficonecta.com\/index.php\/wp-json\/wp\/v2\/users\/1"}],"replies":[{"embeddable":true,"href":"https:\/\/ficonecta.com\/index.php\/wp-json\/wp\/v2\/comments?post=151"}],"version-history":[{"count":1,"href":"https:\/\/ficonecta.com\/index.php\/wp-json\/wp\/v2\/pages\/151\/revisions"}],"predecessor-version":[{"id":152,"href":"https:\/\/ficonecta.com\/index.php\/wp-json\/wp\/v2\/pages\/151\/revisions\/152"}],"wp:attachment":[{"href":"https:\/\/ficonecta.com\/index.php\/wp-json\/wp\/v2\/media?parent=151"}],"curies":[{"name":"wp","href":"https:\/\/api.w.org\/{rel}","templated":true}]}}